e prime factors of 7988677.
1973, 4049
What are the prime factors of 505975?
5, 37, 547
What are the prime factors of 2105449?
2105449
List the prime factors of 11809770.
2, 3, 5, 7, 56237
What are the prime factors of 240237?
3, 26693
List the prime factors of 167703.
3, 55901
What are the prime factors of 5252078?
2, 13, 79, 2557
What are the prime factors of 8402399?
8402399
List the prime factors of 1050402.
2, 3, 175067
List the prime factors of 770569.
23, 33503
What are the prime factors of 8527254?
2, 3, 83, 17123
List the prime factors of 8729022.
2, 3, 229, 6353
What are the prime factors of 137911?
137911
What are the prime factors of 4289792?
2, 13, 1289
List the prime factors of 8780977.
8780977
List the prime factors of 766868.
2, 191717
What are the prime factors of 322381?
37, 8713
List the prime factors of 222353.
43, 5171
What are the prime factors of 1888364?
2, 29, 73, 223
List the prime factors of 641874.
2, 3, 106979
What are the prime factors of 4856361?
3, 37, 67, 653
List the prime factors of 7789018.
2, 37, 67, 1571
List the prime factors of 119831.
119831
List the prime factors of 2703865.
5, 540773
List the prime factors of 324677.
59, 5503
What are the prime factors of 5662?
2, 19, 149
What are the prime factors of 54552?
2, 3, 2273
What are the prime factors of 387308?
2, 96827
What are the prime factors of 13736185?
5, 2747237
What are the prime factors of 952660?
2, 5, 19, 23, 109
List the prime factors of 11064112.
2, 67, 10321
List the prime factors of 3068128.
2, 7, 13697
List the prime factors of 302802.
2, 3, 109, 463
What are the prime factors of 642057?
3, 13, 101, 163
What are the prime factors of 232689?
3, 77563
List the prime factors of 371070.
2, 3, 5, 7, 19, 31
List the prime factors of 630782.
2, 139, 2269
List the prime factors of 9773258.
2, 11, 19, 103, 227
What are the prime factors of 38608?
2, 19, 127
What are the prime factors of 1919274?
2, 3, 7, 45697
List the prime factors of 18441293.
13, 1418561
List the prime factors of 214223.
29, 83, 89
What are the prime factors of 1851392?
2, 113
What are the prime factors of 1226444?
2, 379, 809
List the prime factors of 484108.
2, 37, 3271
List the prime factors of 9199404.
2, 3, 47, 5437
List the prime factors of 15030024.
2, 3, 626251
What are the prime factors of 254030?
2, 5, 7, 19, 191
List the prime factors of 2463902.
2, 7, 175993
List the prime factors of 19206842.
2, 647, 14843
What are the prime factors of 5689176?
2, 3, 223, 1063
List the prime factors of 537690.
2, 3, 5, 17923
List the prime factors of 126123.
3, 17, 2473
List the prime factors of 347504.
2, 37, 587
List the prime factors of 3021863.
13, 232451
List the prime factors of 214722.
2, 3, 79, 151
List the prime factors of 3477550.
2, 5, 157, 443
What are the prime factors of 229199?
229199
What are the prime factors of 1530567?
3, 170063
What are the prime factors of 7642575?
3, 5, 33967
List the prime factors of 212337.
3, 23593
What are the prime factors of 30863534?
2, 13, 17, 69827
What are the prime factors of 12738166?
2, 7, 401, 2269
What are the prime factors of 20714717?
41, 505237
What are the prime factors of 5526400?
2, 5, 11, 157
List the prime factors of 218167.
29, 7523
List the prime factors of 485648.
2, 127, 239
List the prime factors of 285840.
2, 3, 5, 397
What are the prime factors of 490580?
2, 5, 19, 1291
List the prime factors of 4287981.
3, 1163, 1229
List the prime factors of 7519661.
17, 442333
List the prime factors of 2727205.
5, 13, 41957
List the prime factors of 6510407.
19, 342653
List the prime factors of 449302.
2, 7, 67, 479
List the prime factors of 523710.
2, 3, 5, 11, 23
What are the prime factors of 19781272?
2, 7, 353237
What are the prime factors of 1614307?
1614307
What are the prime factors of 4477823?
7, 639689
List the prime factors of 6027997.
19, 317263
What are the prime factors of 4041680?
2, 5, 19, 2659
What are the prime factors of 2640407?
7, 11, 53, 647
What are the prime factors of 1078011?
3, 11, 10889
What are the prime factors of 5836330?
2, 5, 149, 3917
What are the prime factors of 12522150?
2, 3, 5, 27827
What are the prime factors of 9160000?
2, 5, 229
What are the prime factors of 19307694?
2, 3, 7, 47, 9781
List the prime factors of 6117548.
2, 1529387
What are the prime factors of 514367?
7, 197, 373
List the prime factors of 1141826.
2, 7, 81559
What are the prime factors of 5835485?
5, 233, 5009
List the prime factors of 875342.
2, 13, 131, 257
What are the prime factors of 8550602?
2, 4275301
What are the prime factors of 329276?
2, 263, 313
What are the prime factors of 434107?
434107
What are the prime factors of 1290054?
2, 3, 211, 1019
List the prime factors of 219266.
2, 17, 6449
What are the prime factors of 1394862?
2, 3, 7, 33211
What are the prime factors of 15530894?
2, 17, 456791
What are the prime factors of 10008833?
37, 270509
What are the prime factors of 21913256?
2, 283, 9679
What are the prime factors of 432241?
432241
List the prime factors of 15881244.
2, 3, 1323437
List the prime factors of 200475.
3, 5, 11
What are the prime factors of 2129583?
3, 709861
List the prime factors of 282416.
2, 19, 929
What are the prime factors of 16853647?
17, 971, 1021
What are the prime factors of 6664?
2, 7, 17
List the prime factors of 11093347.
11093347
What are the prime factors of 1642967?
101, 16267
What are the prime factors of 90027?
3, 7, 1429
What are the prime factors of 1681444?
2, 420361
List the prime factors of 11844516.
2, 3, 987043
What are the prime factors of 278064?
2, 3, 1931
What are the prime factors of 2822940?
2, 3, 5, 15683
List the prime factors of 1244668.
2, 23, 83, 163
What are the prime factors of 26684717?
26684717
What are the prime factors of 29639?
107, 277
What are the prime factors of 2044010?
2, 5, 23, 8887
What are the prime factors of 395763?
3, 29, 4549
List the prime factors of 1361314.
2, 680657
What are the prime factors of 341588?
2, 13, 6569
List the prime factors of 56121.
3, 13, 1439
List the prime factors of 183098.
2, 83, 1103
List the prime factors of 17088142.
2, 8544071
What are the prime factors of 1096865?
5, 7, 11, 37
What are the prime factors of 3965?
5, 13, 61
What are the prime factors of 1373531?
1373531
What are the prime factors of 1116807?
3, 372269
What are the prime factors of 11470333?
7, 37, 67, 661
What are the prime factors of 9142463?
11, 59, 14087
List the prime factors of 109324.
2, 151, 181
List the prime factors of 8148857.
83, 98179
List the prime factors of 1385425.
5, 151, 367
What are the prime factors of 2043502?
2, 17, 60103
What are the prime factors of 9747398?
2, 73, 66763
What are the prime factors of 26604552?
2, 3, 13, 71, 1201
List the prime factors of 37377.
3, 4153
List the prime factors of 4375529.
19, 230291
List the prime factors of 2088047.
13, 160619
What are the prime factors of 198739?
353, 563
What are the prime factors of 3744529?
691, 5419
What are the prime factors of 409471?
409471
What are the prime factors of 8980416?
2, 3, 5197
What are the prime factors of 117033?
3, 7, 5573
What are the prime factors of 16680813?
3, 5560271
List the prime factors of 88259.
88259
What are the prime factors of 132585?
3, 5, 8839
What are the prime factors of 725712?
2, 3, 13, 1163
List the prime factors of 374175.
3, 5, 1663
List the prime factors of 5053010.
2, 5, 505301
List the prime factors of 1030498.
2, 7, 73607
List the prime factors of 1385410.
2, 5, 13, 10657
What are the prime factors of 6098209?
13, 293, 1601
What are the prime factors of 1718950?
2, 5, 31, 1109
List the prime factors of 3148552.
2, 11, 37, 967
List the prime factors of 304665.
3, 5, 19, 1069
What are the prime factors of 2032661?
2032661
What are the prime factors of 271649?
7, 151, 257
What are the prime factors of 646062?
2, 3, 29, 47, 79
What are the prime factors of 157465?
5, 7, 11, 409
List the prime factors of 1333368.
2, 3, 6173
What are the prime factors of 25696639?
17, 29, 47, 1109
List the prime factors of 206173.
11, 18743
List the prime factors of 13403619.
3, 1489291
List the prime factors of 12062398.
2, 6031199
What are the prime factors of 290390?
2, 5, 71, 409
What are the prime factors of 763439?
19, 23, 1747
Wh